 p(-140).
38
Let l(b) = -3*b**3 - 4*b**2 - 600*b - 1192. Calculate l(-2).
16
Let w(x) = 18802*x + 188099. Give w(-10).
79
Let q(c) = 159979*c - 1439808. Determine q(9).
3
Let s(j) = -248*j - 1469. Give s(-6).
19
Let k(i) = i**3 - 64*i**2 + 4*i + 154. Determine k(64).
410
Let x(t) = -2*t**2 - 215*t + 5014. What is x(22)?
-684
Let c(m) = -270577*m + 18940384. Give c(70).
-6
Let k(w) = -2*w**3 - 5*w**2 - 4764*w - 4760. What is k(-1)?
1
Let x(s) = -4665*s - 11407. Calculate x(-3).
2588
Let t(a) = 25*a**2 - 525*a + 38. What is t(16)?
-1962
Let g(w) = 93*w + 3643. Determine g(-57).
-1658
Let b(q) = -4*q**3 - 2*q**2 - 403*q - 406. Determine b(-1).
-1
Let y(x) = -15*x**3 + 116*x**2 + 35*x - 152. Determine y(8).
-128
Let s(i) = 294*i + 3768. Determine s(-13).
-54
Let d(u) = -2667*u - 8158. Calculate d(-3).
-157
Let g(n) = -10098*n - 343277. Give g(-34).
55
Let p(c) = -2*c**3 + 28*c**2 - 920*c + 9375. Calculate p(11).
-19
Let v(s) = 10*s**2 + 3109*s + 35856. What is v(-12)?
-12
Let s(d) = 2*d**3 - 22*d**2 - 85*d - 25. Determine s(12).
-757
Let k(r) = -r**2 + 3967*r - 176415. Give k(45).
75
Let w(i) = 965*i**2 - 84936*i + 1408. What is w(88)?
0
Let m(j) = -j**2 - 2736*j - 587883. Determine m(-235).
-148
Let o(z) = 267*z + 600. Calculate o(-2).
66
Let j(n) = -11*n**3 + 14*n**2 + 3677*n - 3693. What is j(1)?
-13
Let m(o) = 3800*o - 269423. Give m(71).
377
Let g(n) = 23*n**3 - 21*n**2 - 11*n - 16. Calculate g(-2).
-262
Let f(j) = j**3 - 304*j**2 + 2380*j - 6. Calculate f(8).
90
Let o(w) = w**3 - 102*w**2 - w + 10293. What is o(101)?
-9
Let h(l) = 17456*l + 17459. Determine h(-1).
3
Let r(k) = 4*k**3 + 544*k**2 + 543*k + 187. Calculate r(-135).
-218
Let y(a) = 734*a + 13915. Determine y(-14).
3639
Let v(c) = 8*c**3 - 274*c**2 + 127*c - 1863. Determine v(34).
143
Let j(f) = -164*f**2 - 32468*f + 826. What is j(-198)?
34
Let j(i) = 3032*i + 6066. What is j(-2)?
2
Let o(n) = n**3 + 81*n**2 - 6551*n + 350. Give o(-131).
481
Let l(t) = 9*t**2 - 6003*t - 162139. Determine l(-26).
23
Let j(k) = 752*k + 2886. Give j(-3).
630
Let o(l) = 12*l**2 - 2210*l + 6877. Calculate o(181).
-1
Let u(j) = -7093*j - 368861. Determine u(-52).
-25
Let g(q) = 14*q**3 - 12*q**2 - 153*q + 407. Calculate g(3).
218
Let a(n) = -10*n**2 + 33*n + 2520. What is a(32)?
-6664
Let j(g) = -3*g**3 - g**2 + 176*g - 53. Determine j(-8).
11
Let w(t) = 5*t**3 + 143*t**2 - 330*t - 19504. Give w(-25).
-4
Let t(n) = 462*n + 7084. Give t(-15).
154
Let j(r) = 3*r**3 - 249*r**2 - 4499*r + 2. What is j(-16)?
-4046
Let x(r) = -5322*r - 6149. Determine x(-1).
-827
Let z(u) = -2009*u**2 - 1291789*u - 1271. Determine z(-643).
15
Let r(s) = -4*s**2 - 8373*s - 3280771. Give r(-522).
-1
Let s(g) = -4*g**2 + 35878*g - 35876. What is s(1)?
-2
Let z(t) = 2754*t - 608617. Calculate z(221).
17
Let d(i) = -i**2 + 292*i - 21107. Give d(135).
88
Let w(i) = 46*i**2 - 1969*i + 265. Give w(43).
652
Let l(y) = 23*y**2 - 10748*y + 45841. Give l(463).
4
Let j(z) = -23*z**3 - 58*z + 170. Determine j(3).
-625
Let v(r) = 190*r + 11041. Give v(-59).
-169
Let a(l) = 16319*l + 32531. What is a(-2)?
-107
Let r(z) = -17*z**2 - 3029*z - 495. Determine r(-178).
39
Let w(a) = a**3 + 246*a**2 + 1234*a + 242306. Determine w(-245).
1
Let j(a) = -a**2 - 9*a - 535. Give j(0).
-535
Let q(v) = -649*v**3 + 42833*v**2 + 64*v + 140. Calculate q(66).
8
Let h(t) = 280*t + 4992. What is h(-17)?
232
Let o(m) = 3921*m**2 + 3891*m - 5. What is o(-1)?
25
Let y(v) = 14*v**2 - 1425*v - 7213. Give y(-5).
262
Let d(p) = 3*p**3 - 2840*p**2 + 24402*p - 13122. Calculate d(938).
10
Let v(a) = -3183*a + 44570. Calculate v(14).
8
Let k(d) = -3*d**2 + 51*d + 1084. Determine k(-14).
-218
Let l(f) = -f**3 - 93*f**2 - 1893*f + 39. Give l(-30).
129
Let v(j) = -23353*j + 115872. Calculate v(5).
-893
Let d(a) = -a**2 - 98*a + 1956. Give d(17).
1
Let q(m) = 2657*m - 29559. Calculate q(11).
-332
Let x(j) = 20*j**2 + 3207*j - 3599. What is x(-162)?
1747
Let w(u) = 35276*u - 7161033. What is w(203)?
-5
Let v(m) = m**3 - 35*m**2 + 287*m - 890. Calculate v(25).
35
Let t(w) = 2*w**2 - 891*w + 14117. Give t(16).
373
Let y(t) = t**3 - 8*t**2 - 362*t - 1469. What is y(-12)?
-5
Let y(d) = 5*d**3 - 21*d**2 + 55*d - 28. Give y(7).
1043
Let r(k) = 14*k**3 - 4708*k**2 + 6028*k + 682. What is r(335)?
12
Let h(m) = -22187*m + 310617. Determine h(14).
-1
Let a(v) = -v**3 - 76*v**2 + 125*v + 3700. Determine a(-77).
4
Let c(v) = 3*v**3 + 267*v**2 + 7*v - 20. Calculate c(0).
-20
Let n(d) = 21*d**3 - 1573*d**2 - 141*d - 648. Determine n(75).
27
Let j(l) = 1177*l - 30732. Calculate j(26).
-130
Let l(a) = 646*a**2 - 3684*a + 7. Determine l(6).
1159
Let n(z) = z**3 - 12*z**2 + 51*z - 1038. Calculate n(12).
-426
Let d(v) = 22269*v + 623547. Calculate d(-28).
15
Let j(t) = -831*t - 43042. Calculate j(-51).
-661
Let w(l) = -9*l**2 + 448*l + 268. What is w(50)?
168
Let n(b) = -b**2 + 661*b - 5227. Determine n(8).
-3
Let g(x) = -2*x**3 + 13*x**2 + 237*x + 16. Determine g(-10).
946
Let n(m) = -m**2 + 182*m + 60682. Calculate n(-172).
-206
Let f(m) = -3207*m + 77447. Calculate f(24).
479
Let j(g) = 484*g + 4999. Give j(-12).
-809
Let n(q) = 7205*q + 2841. What is n(-1)?
-4364
Let b(u) = -521710*u + 521647. Give b(1).
-63
Let y(z) = 16*z**2 + 1616*z + 445. Calculate y(-100).
-1155
Let g(q) = -q**2 - 163*q + 14935. Calculate g(67).
-475
Let a(z) = 27619*z + 137661. Give a(-5).
-434
Let d(u) = 57*u - 375. Give d(24).
993
Let l(w) = -1183*w**2 - 266172*w + 675. Determine l(-225).
0
Let p(n) = -9824*n - 324197. What is p(-33)?
-5
Let g(v) = v**3 + 24*v**2 + 154*v + 646. Determine g(-16).
230
Let j(i) = 2*i**2 - 100*i + 1821. Calculate j(17).
699
Let d(i) = -i**3 + 132*i**2 - 397*i + 1300. Give d(129).
10
Let y(k) = -k**3 + 281*k**2 + 7987*k + 130. Determine y(-26).
0
Let j(k) = -1603*k + 59209. Determine j(37).
-102
Let q(a) = -477*a + 598. What is q(-3)?
2029
Let p(r) = -13856*r - 4406209. Calculate p(-318).
-1
Let x(g) = 6*g**2 + 1250*g - 6375. What is x(5)?
25
Let v(m) = 3*m**3 + 74*m**2 + 357*m - 41. What is v(-20)?
-1581
Let o(y) = 3*y**2 + 42918*y + 85832. Determine o(-2).
8
Let z(m) = 10*m**3 - 211*m**2 + 15*m + 141. What is z(21)?
15
Let y(a) = a**3 - 11*a**2 + 30*a + 221. Determine y(10).
421
Let c(u) = -3*u**2 - 2223*u - 19904. Determine c(-9).
-140
Let n(l) = -l**3 + 3*l**2 - 2882*l + 20315. Give n(7).
-55
Let m(s) = s**3 + 26*s**2 - 360*s - 9778. Calculate m(-26).
-418
Let m(z) = -3*z**3 + 147*z**2 + 468*z + 101. What is m(52)?
101
Let v(b) = b**3 + 369*b**2 + 757*b + 8447. What is v(-367)?
6
Let f(z) = z**3 - 47*z**2 - 9355*z + 904. Give f(123).
43
Let d(i) = i**3 - 222*i**2 + 492*i - 11450. Give d(220).
-10
Let a(z) = z**2 - 669*z - 52543. What is a(-70)?
-813
Let r(h) = -2*h**3 + 202*h**2 - 181*h - 1662. Calculate r(100).
238
Let m(s) = 56391*s - 507519. What is m(9)?
0
Let h(x) = -2*x**3 + 11*x**2 + 344*x + 1238. Calculate h(-6).
2
Let u(o) = 49323*o - 937145. Give u(19).
-8
Let l(v) = 125*v - 7844. What is l(62)?
-94
Let a(g) = g**3 - g**2 - 150*g - 5. Give a(-8).
619
Let t(g) = 3745*g + 45329. Determine t(-12).
389
Let x(c) = -56*c**2 + 7363*c + 11341. What is x(133)?
36
Let u(g) = -13*g**2 + 246*g - 900. Give u(5).
5
Let r(t) = 1142*t - 38882. Determine r(34).
-54
Let n(a) = 3*a**2 + 1744*a - 31213. Determine n(18).
1151
Let q(i) = -3*i**2 - 111*i + 636. Determine q(-42).
6
Let b(k) = 892*k - 30245. Calculate b(34).
83
Let i(m) = -296*m**2 + 96198*m + 742. Calculate i(325).
92
Let l(s) = -77146*s + 1002889. Calculate l(13).
-9
Let p(j) = -j**3 + 79*j**2 - 167*j - 183. Give p(3).
0
Let d(p) = p**2 + 187*p + 5683. What is d(-137)?
-1167
Let r(o) = 86*o**3 - 745*o**2 + 1368*o + 39. Calculate r(6).
3
Let b(q) = -68553*q - 891153. Give b(-13).
36
Let w(t) = t**3 - 71*t**2 + 776*t + 356. Calculate w(58).
1632
Let u(z) = z**3 + 23*z**2 + 160*z + 579. Give u(-15).
-21
Let f(u) = 3*u**2 - 290*u - 1845. Give f(86).
-4597
Let q(s) = 2*s**3 - 115*s**2 - 1131*s - 690. What is q(-8)?
-26
Let t(q) = -278418*q - 8074123. Determine t(-29).
-1
Let q(n) = 3*n**2 - 49*n + 207. Determine q(6).
21
Let i(u) = -3*u**2 - 7476*u - 82270. What is i(-11)?
-397
Let a(j) = -3*j**2 + 43*j + 1676. Calculate a(-20).
-384
Let a(n) = -2*n**2 - 63*n + 3446. Determine a(-62).
-336
Let k(v) = 51766*v - 1294155. Give k(25)